{"id":1140,"date":"2025-11-06T14:15:20","date_gmt":"2025-11-06T14:15:20","guid":{"rendered":"http:\/\/zugvoegel2014.de\/?page_id=1140"},"modified":"2026-03-11T11:46:01","modified_gmt":"2026-03-11T11:46:01","slug":"ksg","status":"publish","type":"page","link":"http:\/\/zugvoegel2014.de\/?page_id=1140","title":{"rendered":"KSG"},"content":{"rendered":"\t\t<div data-elementor-type=\"wp-page\" data-elementor-id=\"1140\" class=\"elementor elementor-1140\">\n\t\t\t\t\t\t<div class=\"elementor-inner\">\n\t\t\t\t<div class=\"elementor-section-wrap\">\n\t\t\t\t\t\t\t\t\t<section class=\"elementor-section elementor-top-section elementor-element elementor-element-fc986b5 elementor-section-boxed elementor-section-height-default elementor-section-height-default\" data-id=\"fc986b5\" data-element_type=\"section\">\n\t\t\t\t\t\t<div class=\"elementor-container elementor-column-gap-default\">\n\t\t\t\t\t\t\t<div class=\"elementor-row\">\n\t\t\t\t\t<div class=\"elementor-column elementor-col-100 elementor-top-column elementor-element elementor-element-8f2591e\" data-id=\"8f2591e\" data-element_type=\"column\">\n\t\t\t<div class=\"elementor-column-wrap elementor-element-populated\">\n\t\t\t\t\t\t\t<div class=\"elementor-widget-wrap\">\n\t\t\t\t\t\t<div class=\"elementor-element elementor-element-cf69f0c elementor-widget elementor-widget-text-editor\" data-id=\"cf69f0c\" data-element_type=\"widget\" data-widget_type=\"text-editor.default\">\n\t\t\t\t<div class=\"elementor-widget-container\">\n\t\t\t\t\t\t\t\t<div class=\"elementor-text-editor elementor-clearfix\">\n\t\t\t\t<h1><span style=\"color: #ff0000;\">Kultur- und Sportgemeinschaft K\u00f6nigsdorf<\/span><\/h1><div id=\"CM190268f7267fa847142a15c68_div\">\u00a0<\/div><p><span style=\"color: #ff0000;\">Die\u00a0<strong>KSG<\/strong>\u00a0ist der Zusammenschluss der Brauchtums- und Sportvereine in K\u00f6nigsdorf und kann auf eine lange Geschichte und Tradition zur\u00fcckblicken: In ihrer jetzigen Form entstand sie im Sommer 1982, nachdem es zuvor schon lange Zeit im Ort eine lose organisierte \u201eVereinsgemeinschaft\u201c gegeben hatte. Peter Tiefenbach wurde der erste Vorsitzende, Gr\u00fcndungsmitglieder der KSG waren der TUS Blau-Wei\u00df, die Dorfgemeinschaft, die St. Sebastianus-Sch\u00fctzen, der Mandolinenclub, der Tennisclub und der \u201eVerband der Heimkehrer\u201c; die Wei\u00dfpfennige waren bei der konstituierenden Sitzung abwesend aber traten ebenfalls umgehend bei, wenig sp\u00e4ter auch die Pfadfinder und die katholische Frauengemeinschaft. Das Amt des Vorsitzenden \u00fcbernahm 1984 J\u00fcrgen Koslowski, 2001 \u00fcbergab er die Leitung an Rolf Rong, der mit stolzen 21 Jahren dessen Amtszeit noch \u00fcbertreffen sollte. Seit 2023 fungiert Sascha Ruf als Vorsitzender und erster Ansprechpartner der\u00a0<strong>KSG<\/strong>.<\/span><\/p><p><span style=\"color: #ff0000;\">Aufgabe der\u00a0<strong>KSG<\/strong>\u00a0ist seit jeher die Koordination der Termine und der Absprachen zur gegenseitigen Unterst\u00fctzung der Vereine, au\u00dferdem die Vertretung der gemeinsamen Interessen bspw. gegen\u00fcber der Stadt Frechen. Dazu kamen im Laufe der Jahre verschiedene Themen wie der Bau der Mehrzweckhalle in den 1980er Jahren oder diverse Veranstaltungen wie der \u201eTag der Vereine\u201c 2013. Traditionell \u00fcbernimmt die\u00a0<strong>KSG<\/strong>\u00a0die Schirmherrschaft \u00fcber das Seniorenfest im Sommer.<\/span><\/p><p><span style=\"color: #ff0000;\"><strong>Mitglieder<\/strong><\/span><\/p><p><span style=\"color: #ff0000;\"><strong><a class=\"cm_anchor\" style=\"color: #ff0000;\" href=\"https:\/\/koenigsdorf.weebly.com\/\" target=\"_blank\" rel=\"noreferrer noopener\">Dorfgemeinschaft St. Magdalena 1948 Kleinko\u0308nigsdorf e.V.<\/a><\/strong><\/span><br \/><span style=\"color: #ff0000;\">Vorsitzende: Angelika Mu\u0308nch, Gemsenweg 2, Tel.: 152 29428808, angie.muench@mail.de<\/span><\/p><p><span style=\"color: #ff0000;\"><strong><a class=\"cm_anchor\" style=\"color: #ff0000;\" href=\"https:\/\/weisspfennige.de\/\" target=\"_blank\" rel=\"noreferrer noopener\">KG Ko\u0308nigsdorfer Wei\u00dfpfennige 1982 e.V.<\/a><\/strong><\/span><br \/><span style=\"color: #ff0000;\">1. Vorsitzender: Sascha Ruf; Gescha\u0308ftsstelle: Nicole Grassme\u0301, Triftweg 6, Tel. 02234 &#8211; 63349, geschaeftsstelle@weisspfennige.de<\/span><\/p><p><span style=\"color: #ff0000;\"><strong><a class=\"cm_anchor\" style=\"color: #ff0000;\" href=\"http:\/\/zugvoegel2014.de\/\" target=\"_blank\" rel=\"noreferrer noopener\">Ko\u0308nigsdorfer Zugvo\u0308gel von 2014 e.V.<\/a><\/strong><\/span><br \/><span style=\"color: #ff0000;\">Vorstand: Peter Breuer, Moosweg 2, Tel. 0173 3561816, peter@zugvoegel2014.de<\/span><\/p><p><span style=\"color: #ff0000;\"><strong><a class=\"cm_anchor\" style=\"color: #ff0000;\" href=\"https:\/\/www.mg1448.de\/\" target=\"_blank\" rel=\"noreferrer noopener\">Maigesellschaft 1448 Kleinko\u0308nigsdorf e.V.<\/a><\/strong><\/span><br \/><span style=\"color: #ff0000;\">Vorsitzender: Andreas Irnich, Aachener Stra\u00dfe 619a, Tel.: 0152 \u2013 26000874, a.irnich@mg1448.de<\/span><\/p><p><span style=\"color: #ff0000;\"><strong><a class=\"cm_anchor\" style=\"color: #ff0000;\" href=\"https:\/\/www.facebook.com\/mandolinenclubkoenigsdorf.1923\/\" target=\"_blank\" rel=\"noreferrer noopener\">Mandolinen-Club 1923 Ko\u0308nigsdorf e.V.<\/a><\/strong><\/span><br \/><span style=\"color: #ff0000;\">1. Vorsitzende: Christine Luther, Widderstr. 43, 50226 Frechen, Tel.: 02234-4308941, chr.luther@googlemail.com<\/span><\/p><p><span style=\"color: #ff0000;\"><strong><a class=\"cm_anchor\" style=\"color: #ff0000;\" href=\"https:\/\/www.xn--mit-freinander-ksb.de\/\" target=\"_blank\" rel=\"noreferrer noopener\">O\u0308kumenische Nachbarschaftshilfe miteinander-fu\u0308reinander<\/a><\/strong><\/span><br \/><span style=\"color: #ff0000;\">Dieter Scho\u0308nhofen, Aachener Str. 564, Tel.: 02234 &#8211; 4300654, mit-fuer-einander-@netcologne.de<\/span><\/p><p><span style=\"color: #ff0000;\"><strong><a class=\"cm_anchor\" style=\"color: #ff0000;\" href=\"http:\/\/www.dpsg-koenigsdorf.de\/\" target=\"_blank\" rel=\"noreferrer noopener\">Pfadfinder DPSG Stamm Hildebold<\/a><\/strong><\/span><br \/><span style=\"color: #ff0000;\">Stammesvorstand: Antonia He\u00fcveldop, Robin L\u00f6wer, info@dpsg-koenigsdorf.de; Tel.: 0177-3982268 Vetreter: Gereon Scholz, gereon.scholz@gmx.de<\/span><\/p><p><span style=\"color: #ff0000;\"><strong><a class=\"cm_anchor\" style=\"color: #ff0000;\" href=\"https:\/\/www.xn--schtzen-knigsdorf-7zb1i.de\/\" target=\"_blank\" rel=\"noreferrer noopener\">St.-Sebastianus-Schu\u0308tzenbruderschaft Ko\u0308nigsdorf 1683 e.V.<\/a><\/strong><\/span><br \/><span style=\"color: #ff0000;\">1. Vorsitzender: Klaus Schillings; Kontakt: Else Hilgers; Gesch\u00e4ftsstelle Pfeilstr. 12, Tel.: 02234 &#8211; 16293, 0179\/7931502, hilgers735@gmail.com<\/span><\/p><p><span style=\"color: #ff0000;\"><strong><a class=\"cm_anchor\" style=\"color: #ff0000;\" href=\"https:\/\/www.tc-koenigsdorf.de\/\" target=\"_blank\" rel=\"noreferrer noopener\">Tennis-Club Rot-Wei\u00df Ko\u0308nigsdorf e.V.<\/a><\/strong><\/span><br \/><span style=\"color: #ff0000;\">Michael Wollenschein, wollenschein@t-online.de, Gescha\u0308ftsstelle: Tennisanlage Pfeilstr. 22, Tel.: 02234 &#8211; 64835<\/span><\/p><p><span style=\"color: #ff0000;\"><strong><a class=\"cm_anchor\" style=\"color: #ff0000;\" href=\"https:\/\/www.tuskoenigsdorf.de\/\" target=\"_blank\" rel=\"noreferrer noopener\">TuS Blau-Wei\u00df Ko\u0308nigsdorf 1900 e.V. (Badminton, Basketball, Handball, Fu\u00dfball, Volleyball, Turnen)<\/a><\/strong><\/span><br \/><span style=\"color: #ff0000;\">Vorsitzender: Gerd Koslowski; Gescha\u0308ftsstelle: Pfeilstr. 12, Tel.: 02234 \u2013 63846, info@tus-koenigsdorf.de<\/span><\/p><p><span style=\"color: #ff0000;\"><strong><a class=\"cm_anchor\" style=\"color: #ff0000;\" href=\"https:\/\/waldkindergarten-waldkoenige.de\/\" target=\"_blank\" rel=\"noreferrer noopener\">Waldko\u0308nige e.V.<\/a><\/strong><\/span><br \/><span style=\"color: #ff0000;\">Darlene Geilgens, Tel: 0160-97996949, Postfach 4075, 50216 Frechen, vorstand@waldkoenige-ev.de<\/span><\/p><p><span style=\"color: #ff0000;\"><strong>kooptierte Mitglieder<\/strong><\/span><\/p><p><span style=\"color: #ff0000;\"><strong>Kath. Pfarrgemeinde St.Sebastianus Ko\u0308nigsdorf (Ortsausschuss)<\/strong><\/span><br \/><span style=\"color: #ff0000;\">Wolfgang Wettig, wettig.josefshaus@t-online.de, Tel. 02234 &#8211; 965910<\/span><\/p><p><span style=\"color: #ff0000;\"><strong>Evang. Christusgemeinde Ko\u0308nigsdorf<\/strong><\/span><br \/><span style=\"color: #ff0000;\">Birgit Mu\u0308ller-Arndt, Pfeilstr. 40, okja-koenigsdorf@web.de<\/span><\/p><p><span style=\"color: #ff0000;\"><strong>Vorsitz: Sascha Ruf, Tel.: 0173 &#8211; 9917257,\u00a0<a class=\"cm_anchor\" style=\"color: #ff0000;\" href=\"mailto:sascha.ruf%40weisspfennige.de?subject=KSG&amp;body=Ihre%20Nachricht\">sascha.ruf@weisspfennige.de<\/a><\/strong><\/span><\/p><p><span style=\"color: #ff0000;\"><strong>Stellvertretender Vorsitz: Peter Breuer, Tel. 0173-3561816,\u00a0<a class=\"cm_anchor\" style=\"color: #ff0000;\" href=\"mailto:peter%40zugvoegel2014.de?subject=KSG&amp;body=Hallo\">peter@zugvoegel2014.de<\/a><br \/><\/strong><\/span><\/p><p><span style=\"color: #ff0000;\"><strong>Kassierer: Jens Sonnenschein, Tel. 0176-47310609,\u00a0<a class=\"cm_anchor\" style=\"color: #ff0000;\" href=\"mailto:jens%40zugvoegel2014.de?subject=KSG&amp;body=Hallo\">jens@zugvoegel2014.de<\/a><\/strong><\/span><\/p><div class=\"clearFloating\">\u00a0<\/div><div id=\"widgetcontainer_STRATP_cm4all_com_widgets_DownloadWidget_52444681\" class=\"cm_widget cm4all_com_widgets_DownloadWidget cm_widget_float_right cm-pixel-medium\"><div class=\"cm_widget_anchor\"><span style=\"color: #ff0000;\"><a id=\"widgetanchor_STRATP_cm4all_com_widgets_DownloadWidget_52444681\" style=\"color: #ff0000;\" name=\"STRATP_cm4all_com_widgets_DownloadWidget_52444681\"><\/a><\/span><\/div><div class=\"widget-wide cm-download-widget\"><table><tbody><tr><td><span style=\"color: #ff0000;\"><a style=\"color: #ff0000;\" href=\"https:\/\/www.koenigsdorfer-weisspfennige.de\/.cm4all\/uproc.php\/0\/Gescha%CC%88ftsordnung%20der%20Kultur-%20und%20Sportgemeinschaft%20Ko%CC%88nigsdorf%20(KSG).pdf?cdp=a&amp;_=1923d523650\"><img decoding=\"async\" src=\"https:\/\/www.koenigsdorfer-weisspfennige.de\/.cm4all\/widgetres.php\/cm4all.com.widgets.DownloadWidget\/\/mime_pdf.png?v=3.3.30\" \/><\/a><\/span><\/td><td><span style=\"color: #ff0000;\"><b>Gesch\u00e4ftsordnung der KSG<\/b><\/span><br \/><span style=\"color: #ff0000;\"><a style=\"color: #ff0000;\" href=\"https:\/\/www.koenigsdorfer-weisspfennige.de\/.cm4all\/uproc.php\/0\/Gescha%CC%88ftsordnung%20der%20Kultur-%20und%20Sportgemeinschaft%20Ko%CC%88nigsdorf%20(KSG).pdf?cdp=a&amp;_=1923d523650\">Gescha\u0308ftsordnung der Kultur- und Sportgemeinschaft Ko\u0308nigsdorf (KSG).pdf<\/a>\u00a0(89.15KB)<\/span><\/td><\/tr><\/tbody><\/table><\/div><\/div><p><span style=\"color: #ff0000;\"><strong>Ehrenvorsitzende der KSG:<\/strong><\/span><\/p><p><span style=\"color: #ff0000;\"><strong>Rolf Rong<\/strong><\/span><\/p><p><span style=\"color: #ff0000;\"><strong>J\u00fcrgen Koslowski \u2020<\/strong><\/span><\/p>\t\t\t\t\t<\/div>\n\t\t\t\t\t\t<\/div>\n\t\t\t\t<\/div>\n\t\t\t\t\t\t<\/div>\n\t\t\t\t\t<\/div>\n\t\t<\/div>\n\t\t\t\t\t\t\t\t<\/div>\n\t\t\t\t\t<\/div>\n\t\t<\/section>\n\t\t\t\t<section class=\"elementor-section elementor-top-section elementor-element elementor-element-b225d8b elementor-section-boxed elementor-section-height-default elementor-section-height-default\" data-id=\"b225d8b\" data-element_type=\"section\">\n\t\t\t\t\t\t<div class=\"elementor-container elementor-column-gap-default\">\n\t\t\t\t\t\t\t<div class=\"elementor-row\">\n\t\t\t\t\t<div class=\"elementor-column elementor-col-100 elementor-top-column elementor-element elementor-element-6710508\" data-id=\"6710508\" data-element_type=\"column\">\n\t\t\t<div class=\"elementor-column-wrap\">\n\t\t\t\t\t\t\t<div class=\"elementor-widget-wrap\">\n\t\t\t\t\t\t\t\t<\/div>\n\t\t\t\t\t<\/div>\n\t\t<\/div>\n\t\t\t\t\t\t\t\t<\/div>\n\t\t\t\t\t<\/div>\n\t\t<\/section>\n\t\t\t\t<section class=\"elementor-section elementor-top-section elementor-element elementor-element-e87acd9 elementor-section-boxed elementor-section-height-default elementor-section-height-default\" data-id=\"e87acd9\" data-element_type=\"section\">\n\t\t\t\t\t\t<div class=\"elementor-container elementor-column-gap-default\">\n\t\t\t\t\t\t\t<div class=\"elementor-row\">\n\t\t\t\t\t<div class=\"elementor-column elementor-col-100 elementor-top-column elementor-element elementor-element-fd714ec\" data-id=\"fd714ec\" data-element_type=\"column\">\n\t\t\t<div class=\"elementor-column-wrap elementor-element-populated\">\n\t\t\t\t\t\t\t<div class=\"elementor-widget-wrap\">\n\t\t\t\t\t\t<div class=\"elementor-element elementor-element-d5da498 elementor-widget elementor-widget-image\" data-id=\"d5da498\" data-element_type=\"widget\" data-widget_type=\"image.default\">\n\t\t\t\t<div class=\"elementor-widget-container\">\n\t\t\t\t\t\t\t\t<div class=\"elementor-image\">\n\t\t\t\t\t\t\t\t\t\t\t\t<img loading=\"lazy\" decoding=\"async\" width=\"768\" height=\"1086\" src=\"http:\/\/zugvoegel2014.de\/wp-content\/uploads\/2026\/03\/KSG-Terminuebersicht-2026_03_10-1-768x1086.jpeg\" class=\"attachment-medium_large size-medium_large wp-image-1171\" alt=\"\" srcset=\"http:\/\/zugvoegel2014.de\/wp-content\/uploads\/2026\/03\/KSG-Terminuebersicht-2026_03_10-1-768x1086.jpeg 768w, http:\/\/zugvoegel2014.de\/wp-content\/uploads\/2026\/03\/KSG-Terminuebersicht-2026_03_10-1-212x300.jpeg 212w, http:\/\/zugvoegel2014.de\/wp-content\/uploads\/2026\/03\/KSG-Terminuebersicht-2026_03_10-1-724x1024.jpeg 724w, http:\/\/zugvoegel2014.de\/wp-content\/uploads\/2026\/03\/KSG-Terminuebersicht-2026_03_10-1-1086x1536.jpeg 1086w, http:\/\/zugvoegel2014.de\/wp-content\/uploads\/2026\/03\/KSG-Terminuebersicht-2026_03_10-1-1448x2048.jpeg 1448w, http:\/\/zugvoegel2014.de\/wp-content\/uploads\/2026\/03\/KSG-Terminuebersicht-2026_03_10-1-scaled.jpeg 1811w\" sizes=\"auto, (max-width: 768px) 100vw, 768px\" \/>\t\t\t\t\t\t\t\t\t\t\t\t\t\t<\/div>\n\t\t\t\t\t\t<\/div>\n\t\t\t\t<\/div>\n\t\t\t\t\t\t<\/div>\n\t\t\t\t\t<\/div>\n\t\t<\/div>\n\t\t\t\t\t\t\t\t<\/div>\n\t\t\t\t\t<\/div>\n\t\t<\/section>\n\t\t\t\t<section class=\"elementor-section elementor-top-section elementor-element elementor-element-d07e049 elementor-section-boxed elementor-section-height-default elementor-section-height-default\" data-id=\"d07e049\" data-element_type=\"section\">\n\t\t\t\t\t\t<div class=\"elementor-container elementor-column-gap-default\">\n\t\t\t\t\t\t\t<div class=\"elementor-row\">\n\t\t\t\t\t<div class=\"elementor-column elementor-col-100 elementor-top-column elementor-element elementor-element-a0cf389\" data-id=\"a0cf389\" data-element_type=\"column\">\n\t\t\t<div class=\"elementor-column-wrap elementor-element-populated\">\n\t\t\t\t\t\t\t<div class=\"elementor-widget-wrap\">\n\t\t\t\t\t\t<div class=\"elementor-element elementor-element-27a1aee elementor-widget elementor-widget-image\" data-id=\"27a1aee\" data-element_type=\"widget\" data-widget_type=\"image.default\">\n\t\t\t\t<div class=\"elementor-widget-container\">\n\t\t\t\t\t\t\t\t<div class=\"elementor-image\">\n\t\t\t\t\t\t\t\t\t\t\t\t<img loading=\"lazy\" decoding=\"async\" width=\"768\" height=\"1086\" src=\"http:\/\/zugvoegel2014.de\/wp-content\/uploads\/2026\/03\/KSG-Terminuebersicht-2026_03_10-2-768x1086.jpeg\" class=\"attachment-medium_large size-medium_large wp-image-1172\" alt=\"\" srcset=\"http:\/\/zugvoegel2014.de\/wp-content\/uploads\/2026\/03\/KSG-Terminuebersicht-2026_03_10-2-768x1086.jpeg 768w, http:\/\/zugvoegel2014.de\/wp-content\/uploads\/2026\/03\/KSG-Terminuebersicht-2026_03_10-2-212x300.jpeg 212w, http:\/\/zugvoegel2014.de\/wp-content\/uploads\/2026\/03\/KSG-Terminuebersicht-2026_03_10-2-724x1024.jpeg 724w, http:\/\/zugvoegel2014.de\/wp-content\/uploads\/2026\/03\/KSG-Terminuebersicht-2026_03_10-2-1086x1536.jpeg 1086w, http:\/\/zugvoegel2014.de\/wp-content\/uploads\/2026\/03\/KSG-Terminuebersicht-2026_03_10-2-1448x2048.jpeg 1448w, http:\/\/zugvoegel2014.de\/wp-content\/uploads\/2026\/03\/KSG-Terminuebersicht-2026_03_10-2-scaled.jpeg 1811w\" sizes=\"auto, (max-width: 768px) 100vw, 768px\" \/>\t\t\t\t\t\t\t\t\t\t\t\t\t\t<\/div>\n\t\t\t\t\t\t<\/div>\n\t\t\t\t<\/div>\n\t\t\t\t\t\t<\/div>\n\t\t\t\t\t<\/div>\n\t\t<\/div>\n\t\t\t\t\t\t\t\t<\/div>\n\t\t\t\t\t<\/div>\n\t\t<\/section>\n\t\t\t\t\t\t\t\t\t<\/div>\n\t\t\t<\/div>\n\t\t\t\t\t<\/div>\n\t\t","protected":false},"excerpt":{"rendered":"<p>Kultur- und Sportgemeinschaft K\u00f6nigsdorf \u00a0 Die\u00a0KSG\u00a0ist der Zusammenschluss der Brauchtums- und Sportvereine in K\u00f6nigsdorf und kann auf eine lange Geschichte und Tradition zur\u00fcckblicken: In ihrer jetzigen Form entstand sie im Sommer 1982, nachdem es zuvor schon lange Zeit im Ort eine lose organisierte \u201eVereinsgemeinschaft\u201c gegeben hatte. Peter Tiefenbach wurde der erste Vorsitzende, Gr\u00fcndungsmitglieder der KSG [&hellip;]<\/p>\n","protected":false},"author":1,"featured_media":0,"parent":0,"menu_order":0,"comment_status":"closed","ping_status":"closed","template":"","meta":{"_monsterinsights_skip_tracking":false,"_monsterinsights_sitenote_active":false,"_monsterinsights_sitenote_note":"","_monsterinsights_sitenote_category":0,"footnotes":""},"class_list":["post-1140","page","type-page","status-publish","hentry","entry"],"yoast_head":"<!-- This site is optimized with the Yoast SEO plugin v20.2 - https:\/\/yoast.com\/wordpress\/plugins\/seo\/ -->\n<title>KSG -<\/title>\n<meta name=\"robots\" content=\"index, follow, max-snippet:-1, max-image-preview:large, max-video-preview:-1\" \/>\n<link rel=\"canonical\" href=\"http:\/\/zugvoegel2014.de\/?page_id=1140\" \/>\n<meta property=\"og:locale\" content=\"de_DE\" \/>\n<meta property=\"og:type\" content=\"article\" \/>\n<meta property=\"og:title\" content=\"KSG -\" \/>\n<meta property=\"og:description\" content=\"Kultur- und Sportgemeinschaft K\u00f6nigsdorf \u00a0 Die\u00a0KSG\u00a0ist der Zusammenschluss der Brauchtums- und Sportvereine in K\u00f6nigsdorf und kann auf eine lange Geschichte und Tradition zur\u00fcckblicken: In ihrer jetzigen Form entstand sie im Sommer 1982, nachdem es zuvor schon lange Zeit im Ort eine lose organisierte \u201eVereinsgemeinschaft\u201c gegeben hatte. Peter Tiefenbach wurde der erste Vorsitzende, Gr\u00fcndungsmitglieder der KSG [&hellip;]\" \/>\n<meta property=\"og:url\" content=\"http:\/\/zugvoegel2014.de\/?page_id=1140\" \/>\n<meta property=\"article:publisher\" content=\"https:\/\/www.facebook.com\/KoenigsdorferKarnevalszug\/?__tn__=%2cd%2cP-R&amp;amp%3bamp%3bamp%3bamp%3bamp%3bamp%3bamp%3bamp%3bamp%3bamp%3bamp%3bamp%3beid=ARA6SSHkUMgYkse4ztm8lMBG1G70wK_8I7YBmKhqtHlswkYPXKzoz7mjvc05MjUUpbuoIgnIDpCCreZk\" \/>\n<meta property=\"article:modified_time\" content=\"2026-03-11T11:46:01+00:00\" \/>\n<meta property=\"og:image\" content=\"https:\/\/www.koenigsdorfer-weisspfennige.de\/.cm4all\/widgetres.php\/cm4all.com.widgets.DownloadWidget\/\/mime_pdf.png?v=3.3.30\" \/>\n<meta name=\"twitter:card\" content=\"summary_large_image\" \/>\n<meta name=\"twitter:label1\" content=\"Gesch\u00e4tzte Lesezeit\" \/>\n\t<meta name=\"twitter:data1\" content=\"4\u00a0Minuten\" \/>\n<script type=\"application\/ld+json\" class=\"yoast-schema-graph\">{\"@context\":\"https:\/\/schema.org\",\"@graph\":[{\"@type\":\"WebPage\",\"@id\":\"http:\/\/zugvoegel2014.de\/?page_id=1140\",\"url\":\"http:\/\/zugvoegel2014.de\/?page_id=1140\",\"name\":\"KSG -\",\"isPartOf\":{\"@id\":\"http:\/\/zugvoegel2014.de\/#website\"},\"datePublished\":\"2025-11-06T14:15:20+00:00\",\"dateModified\":\"2026-03-11T11:46:01+00:00\",\"breadcrumb\":{\"@id\":\"http:\/\/zugvoegel2014.de\/?page_id=1140#breadcrumb\"},\"inLanguage\":\"de\",\"potentialAction\":[{\"@type\":\"ReadAction\",\"target\":[\"http:\/\/zugvoegel2014.de\/?page_id=1140\"]}]},{\"@type\":\"BreadcrumbList\",\"@id\":\"http:\/\/zugvoegel2014.de\/?page_id=1140#breadcrumb\",\"itemListElement\":[{\"@type\":\"ListItem\",\"position\":1,\"name\":\"Startseite\",\"item\":\"http:\/\/zugvoegel2014.de\/\"},{\"@type\":\"ListItem\",\"position\":2,\"name\":\"KSG\"}]},{\"@type\":\"WebSite\",\"@id\":\"http:\/\/zugvoegel2014.de\/#website\",\"url\":\"http:\/\/zugvoegel2014.de\/\",\"name\":\"\",\"description\":\"\",\"publisher\":{\"@id\":\"http:\/\/zugvoegel2014.de\/#organization\"},\"potentialAction\":[{\"@type\":\"SearchAction\",\"target\":{\"@type\":\"EntryPoint\",\"urlTemplate\":\"http:\/\/zugvoegel2014.de\/?s={search_term_string}\"},\"query-input\":\"required name=search_term_string\"}],\"inLanguage\":\"de\"},{\"@type\":\"Organization\",\"@id\":\"http:\/\/zugvoegel2014.de\/#organization\",\"name\":\"K\u00f6nigsdorfer Zugv\u00f6gel von 2014 e.V.\",\"url\":\"http:\/\/zugvoegel2014.de\/\",\"logo\":{\"@type\":\"ImageObject\",\"inLanguage\":\"de\",\"@id\":\"http:\/\/zugvoegel2014.de\/#\/schema\/logo\/image\/\",\"url\":\"http:\/\/zugvoegel2014.de\/wp-content\/uploads\/2019\/01\/Zugv\u00f6gel-mittel.jpg\",\"contentUrl\":\"http:\/\/zugvoegel2014.de\/wp-content\/uploads\/2019\/01\/Zugv\u00f6gel-mittel.jpg\",\"width\":480,\"height\":562,\"caption\":\"K\u00f6nigsdorfer Zugv\u00f6gel von 2014 e.V.\"},\"image\":{\"@id\":\"http:\/\/zugvoegel2014.de\/#\/schema\/logo\/image\/\"},\"sameAs\":[\"https:\/\/www.facebook.com\/KoenigsdorferKarnevalszug\/?__tn__=,d,P-R&amp;amp;amp;amp;amp;amp;amp;amp;amp;amp;amp;amp;eid=ARA6SSHkUMgYkse4ztm8lMBG1G70wK_8I7YBmKhqtHlswkYPXKzoz7mjvc05MjUUpbuoIgnIDpCCreZk\"]}]}<\/script>\n<!-- \/ Yoast SEO plugin. -->","yoast_head_json":{"title":"KSG -","robots":{"index":"index","follow":"follow","max-snippet":"max-snippet:-1","max-image-preview":"max-image-preview:large","max-video-preview":"max-video-preview:-1"},"canonical":"http:\/\/zugvoegel2014.de\/?page_id=1140","og_locale":"de_DE","og_type":"article","og_title":"KSG -","og_description":"Kultur- und Sportgemeinschaft K\u00f6nigsdorf \u00a0 Die\u00a0KSG\u00a0ist der Zusammenschluss der Brauchtums- und Sportvereine in K\u00f6nigsdorf und kann auf eine lange Geschichte und Tradition zur\u00fcckblicken: In ihrer jetzigen Form entstand sie im Sommer 1982, nachdem es zuvor schon lange Zeit im Ort eine lose organisierte \u201eVereinsgemeinschaft\u201c gegeben hatte. Peter Tiefenbach wurde der erste Vorsitzende, Gr\u00fcndungsmitglieder der KSG [&hellip;]","og_url":"http:\/\/zugvoegel2014.de\/?page_id=1140","article_publisher":"https:\/\/www.facebook.com\/KoenigsdorferKarnevalszug\/?__tn__=%2cd%2cP-R&amp%3bamp%3bamp%3bamp%3bamp%3bamp%3bamp%3bamp%3bamp%3bamp%3bamp%3bamp%3beid=ARA6SSHkUMgYkse4ztm8lMBG1G70wK_8I7YBmKhqtHlswkYPXKzoz7mjvc05MjUUpbuoIgnIDpCCreZk","article_modified_time":"2026-03-11T11:46:01+00:00","og_image":[{"url":"https:\/\/www.koenigsdorfer-weisspfennige.de\/.cm4all\/widgetres.php\/cm4all.com.widgets.DownloadWidget\/\/mime_pdf.png?v=3.3.30"}],"twitter_card":"summary_large_image","twitter_misc":{"Gesch\u00e4tzte Lesezeit":"4\u00a0Minuten"},"schema":{"@context":"https:\/\/schema.org","@graph":[{"@type":"WebPage","@id":"http:\/\/zugvoegel2014.de\/?page_id=1140","url":"http:\/\/zugvoegel2014.de\/?page_id=1140","name":"KSG -","isPartOf":{"@id":"http:\/\/zugvoegel2014.de\/#website"},"datePublished":"2025-11-06T14:15:20+00:00","dateModified":"2026-03-11T11:46:01+00:00","breadcrumb":{"@id":"http:\/\/zugvoegel2014.de\/?page_id=1140#breadcrumb"},"inLanguage":"de","potentialAction":[{"@type":"ReadAction","target":["http:\/\/zugvoegel2014.de\/?page_id=1140"]}]},{"@type":"BreadcrumbList","@id":"http:\/\/zugvoegel2014.de\/?page_id=1140#breadcrumb","itemListElement":[{"@type":"ListItem","position":1,"name":"Startseite","item":"http:\/\/zugvoegel2014.de\/"},{"@type":"ListItem","position":2,"name":"KSG"}]},{"@type":"WebSite","@id":"http:\/\/zugvoegel2014.de\/#website","url":"http:\/\/zugvoegel2014.de\/","name":"","description":"","publisher":{"@id":"http:\/\/zugvoegel2014.de\/#organization"},"potentialAction":[{"@type":"SearchAction","target":{"@type":"EntryPoint","urlTemplate":"http:\/\/zugvoegel2014.de\/?s={search_term_string}"},"query-input":"required name=search_term_string"}],"inLanguage":"de"},{"@type":"Organization","@id":"http:\/\/zugvoegel2014.de\/#organization","name":"K\u00f6nigsdorfer Zugv\u00f6gel von 2014 e.V.","url":"http:\/\/zugvoegel2014.de\/","logo":{"@type":"ImageObject","inLanguage":"de","@id":"http:\/\/zugvoegel2014.de\/#\/schema\/logo\/image\/","url":"http:\/\/zugvoegel2014.de\/wp-content\/uploads\/2019\/01\/Zugv\u00f6gel-mittel.jpg","contentUrl":"http:\/\/zugvoegel2014.de\/wp-content\/uploads\/2019\/01\/Zugv\u00f6gel-mittel.jpg","width":480,"height":562,"caption":"K\u00f6nigsdorfer Zugv\u00f6gel von 2014 e.V."},"image":{"@id":"http:\/\/zugvoegel2014.de\/#\/schema\/logo\/image\/"},"sameAs":["https:\/\/www.facebook.com\/KoenigsdorferKarnevalszug\/?__tn__=,d,P-R&amp;amp;amp;amp;amp;amp;amp;amp;amp;amp;amp;amp;eid=ARA6SSHkUMgYkse4ztm8lMBG1G70wK_8I7YBmKhqtHlswkYPXKzoz7mjvc05MjUUpbuoIgnIDpCCreZk"]}]}},"_links":{"self":[{"href":"http:\/\/zugvoegel2014.de\/index.php?rest_route=\/wp\/v2\/pages\/1140","targetHints":{"allow":["GET"]}}],"collection":[{"href":"http:\/\/zugvoegel2014.de\/index.php?rest_route=\/wp\/v2\/pages"}],"about":[{"href":"http:\/\/zugvoegel2014.de\/index.php?rest_route=\/wp\/v2\/types\/page"}],"author":[{"embeddable":true,"href":"http:\/\/zugvoegel2014.de\/index.php?rest_route=\/wp\/v2\/users\/1"}],"replies":[{"embeddable":true,"href":"http:\/\/zugvoegel2014.de\/index.php?rest_route=%2Fwp%2Fv2%2Fcomments&post=1140"}],"version-history":[{"count":8,"href":"http:\/\/zugvoegel2014.de\/index.php?rest_route=\/wp\/v2\/pages\/1140\/revisions"}],"predecessor-version":[{"id":1175,"href":"http:\/\/zugvoegel2014.de\/index.php?rest_route=\/wp\/v2\/pages\/1140\/revisions\/1175"}],"wp:attachment":[{"href":"http:\/\/zugvoegel2014.de\/index.php?rest_route=%2Fwp%2Fv2%2Fmedia&parent=1140"}],"curies":[{"name":"wp","href":"https:\/\/api.w.org\/{rel}","templated":true}]}}