{"id":738,"date":"2021-03-29T09:53:18","date_gmt":"2021-03-29T09:53:18","guid":{"rendered":"http:\/\/zugvoegel2014.de\/?page_id=738"},"modified":"2025-06-06T12:34:32","modified_gmt":"2025-06-06T12:34:32","slug":"unsere-sponsoren","status":"publish","type":"page","link":"http:\/\/zugvoegel2014.de\/?page_id=738","title":{"rendered":"Unsere Sponsoren"},"content":{"rendered":"\t\t<div data-elementor-type=\"wp-page\" data-elementor-id=\"738\" class=\"elementor elementor-738\">\n\t\t\t\t\t\t<div class=\"elementor-inner\">\n\t\t\t\t<div class=\"elementor-section-wrap\">\n\t\t\t\t\t\t\t\t\t<section class=\"elementor-section elementor-top-section elementor-element elementor-element-d7a7add elementor-section-boxed elementor-section-height-default elementor-section-height-default\" data-id=\"d7a7add\" data-element_type=\"section\">\n\t\t\t\t\t\t<div class=\"elementor-container elementor-column-gap-default\">\n\t\t\t\t\t\t\t<div class=\"elementor-row\">\n\t\t\t\t\t<div class=\"elementor-column elementor-col-100 elementor-top-column elementor-element elementor-element-4f27b99\" data-id=\"4f27b99\" data-element_type=\"column\">\n\t\t\t<div class=\"elementor-column-wrap elementor-element-populated\">\n\t\t\t\t\t\t\t<div class=\"elementor-widget-wrap\">\n\t\t\t\t\t\t<div class=\"elementor-element elementor-element-700b12d elementor-widget elementor-widget-text-editor\" data-id=\"700b12d\" data-element_type=\"widget\" data-widget_type=\"text-editor.default\">\n\t\t\t\t<div class=\"elementor-widget-container\">\n\t\t\t\t\t\t\t\t<div class=\"elementor-text-editor elementor-clearfix\">\n\t\t\t\t<h2 style=\"text-align: center;\"><span style=\"color: #ff0000;\">Die K\u00f6nigsdorfer Zugv\u00f6gel bedanken sich bei ihren Sponsoren<\/span><\/h2>\t\t\t\t\t<\/div>\n\t\t\t\t\t\t<\/div>\n\t\t\t\t<\/div>\n\t\t\t\t\t\t<\/div>\n\t\t\t\t\t<\/div>\n\t\t<\/div>\n\t\t\t\t\t\t\t\t<\/div>\n\t\t\t\t\t<\/div>\n\t\t<\/section>\n\t\t\t\t<section class=\"elementor-section elementor-top-section elementor-element elementor-element-38c7c01 elementor-section-boxed elementor-section-height-default elementor-section-height-default\" data-id=\"38c7c01\" data-element_type=\"section\">\n\t\t\t\t\t\t<div class=\"elementor-container elementor-column-gap-default\">\n\t\t\t\t\t\t\t<div class=\"elementor-row\">\n\t\t\t\t\t<div class=\"elementor-column elementor-col-100 elementor-top-column elementor-element elementor-element-318ed21\" data-id=\"318ed21\" data-element_type=\"column\">\n\t\t\t<div class=\"elementor-column-wrap elementor-element-populated\">\n\t\t\t\t\t\t\t<div class=\"elementor-widget-wrap\">\n\t\t\t\t\t\t<div class=\"elementor-element elementor-element-9949950 elementor-widget elementor-widget-image\" data-id=\"9949950\" data-element_type=\"widget\" data-widget_type=\"image.default\">\n\t\t\t\t<div class=\"elementor-widget-container\">\n\t\t\t\t\t\t\t\t<div class=\"elementor-image\">\n\t\t\t\t\t\t\t\t\t\t\t\t<img loading=\"lazy\" decoding=\"async\" width=\"768\" height=\"682\" src=\"http:\/\/zugvoegel2014.de\/wp-content\/uploads\/2025\/06\/Sponsoren-2025-gesamt-768x682.jpg\" class=\"attachment-medium_large size-medium_large wp-image-1122\" alt=\"\" srcset=\"http:\/\/zugvoegel2014.de\/wp-content\/uploads\/2025\/06\/Sponsoren-2025-gesamt-768x682.jpg 768w, http:\/\/zugvoegel2014.de\/wp-content\/uploads\/2025\/06\/Sponsoren-2025-gesamt-300x266.jpg 300w, http:\/\/zugvoegel2014.de\/wp-content\/uploads\/2025\/06\/Sponsoren-2025-gesamt.jpg 794w\" sizes=\"auto, (max-width: 768px) 100vw, 768px\" \/>\t\t\t\t\t\t\t\t\t\t\t\t\t\t<\/div>\n\t\t\t\t\t\t<\/div>\n\t\t\t\t<\/div>\n\t\t\t\t\t\t<\/div>\n\t\t\t\t\t<\/div>\n\t\t<\/div>\n\t\t\t\t\t\t\t\t<\/div>\n\t\t\t\t\t<\/div>\n\t\t<\/section>\n\t\t\t\t\t\t\t\t\t<\/div>\n\t\t\t<\/div>\n\t\t\t\t\t<\/div>\n\t\t","protected":false},"excerpt":{"rendered":"<p>Die K\u00f6nigsdorfer Zugv\u00f6gel bedanken sich bei ihren Sponsoren<\/p>\n","protected":false},"author":1,"featured_media":0,"parent":0,"menu_order":0,"comment_status":"closed","ping_status":"closed","template":"","meta":{"_monsterinsights_skip_tracking":false,"_monsterinsights_sitenote_active":false,"_monsterinsights_sitenote_note":"","_monsterinsights_sitenote_category":0,"footnotes":""},"class_list":["post-738","page","type-page","status-publish","hentry","entry"],"yoast_head":"<!-- This site is optimized with the Yoast SEO plugin v20.2 - https:\/\/yoast.com\/wordpress\/plugins\/seo\/ -->\n<title>Unsere Sponsoren -<\/title>\n<meta name=\"robots\" content=\"index, follow, max-snippet:-1, max-image-preview:large, max-video-preview:-1\" \/>\n<link rel=\"canonical\" href=\"http:\/\/zugvoegel2014.de\/?page_id=738\" \/>\n<meta property=\"og:locale\" content=\"de_DE\" \/>\n<meta property=\"og:type\" content=\"article\" \/>\n<meta property=\"og:title\" content=\"Unsere Sponsoren -\" \/>\n<meta property=\"og:description\" content=\"Die K\u00f6nigsdorfer Zugv\u00f6gel bedanken sich bei ihren Sponsoren\" \/>\n<meta property=\"og:url\" content=\"http:\/\/zugvoegel2014.de\/?page_id=738\" \/>\n<meta property=\"article:publisher\" content=\"https:\/\/www.facebook.com\/KoenigsdorferKarnevalszug\/?__tn__=%2cd%2cP-R&amp;amp%3bamp%3bamp%3bamp%3bamp%3bamp%3bamp%3bamp%3bamp%3bamp%3bamp%3bamp%3beid=ARA6SSHkUMgYkse4ztm8lMBG1G70wK_8I7YBmKhqtHlswkYPXKzoz7mjvc05MjUUpbuoIgnIDpCCreZk\" \/>\n<meta property=\"article:modified_time\" content=\"2025-06-06T12:34:32+00:00\" \/>\n<meta property=\"og:image\" content=\"http:\/\/zugvoegel2014.de\/wp-content\/uploads\/2025\/06\/Sponsoren-2025-gesamt-768x682.jpg\" \/>\n<meta name=\"twitter:card\" content=\"summary_large_image\" \/>\n<meta name=\"twitter:label1\" content=\"Gesch\u00e4tzte Lesezeit\" \/>\n\t<meta name=\"twitter:data1\" content=\"1\u00a0Minute\" \/>\n<script type=\"application\/ld+json\" class=\"yoast-schema-graph\">{\"@context\":\"https:\/\/schema.org\",\"@graph\":[{\"@type\":\"WebPage\",\"@id\":\"http:\/\/zugvoegel2014.de\/?page_id=738\",\"url\":\"http:\/\/zugvoegel2014.de\/?page_id=738\",\"name\":\"Unsere Sponsoren -\",\"isPartOf\":{\"@id\":\"http:\/\/zugvoegel2014.de\/#website\"},\"datePublished\":\"2021-03-29T09:53:18+00:00\",\"dateModified\":\"2025-06-06T12:34:32+00:00\",\"breadcrumb\":{\"@id\":\"http:\/\/zugvoegel2014.de\/?page_id=738#breadcrumb\"},\"inLanguage\":\"de\",\"potentialAction\":[{\"@type\":\"ReadAction\",\"target\":[\"http:\/\/zugvoegel2014.de\/?page_id=738\"]}]},{\"@type\":\"BreadcrumbList\",\"@id\":\"http:\/\/zugvoegel2014.de\/?page_id=738#breadcrumb\",\"itemListElement\":[{\"@type\":\"ListItem\",\"position\":1,\"name\":\"Startseite\",\"item\":\"http:\/\/zugvoegel2014.de\/\"},{\"@type\":\"ListItem\",\"position\":2,\"name\":\"Unsere Sponsoren\"}]},{\"@type\":\"WebSite\",\"@id\":\"http:\/\/zugvoegel2014.de\/#website\",\"url\":\"http:\/\/zugvoegel2014.de\/\",\"name\":\"\",\"description\":\"\",\"publisher\":{\"@id\":\"http:\/\/zugvoegel2014.de\/#organization\"},\"potentialAction\":[{\"@type\":\"SearchAction\",\"target\":{\"@type\":\"EntryPoint\",\"urlTemplate\":\"http:\/\/zugvoegel2014.de\/?s={search_term_string}\"},\"query-input\":\"required name=search_term_string\"}],\"inLanguage\":\"de\"},{\"@type\":\"Organization\",\"@id\":\"http:\/\/zugvoegel2014.de\/#organization\",\"name\":\"K\u00f6nigsdorfer Zugv\u00f6gel von 2014 e.V.\",\"url\":\"http:\/\/zugvoegel2014.de\/\",\"logo\":{\"@type\":\"ImageObject\",\"inLanguage\":\"de\",\"@id\":\"http:\/\/zugvoegel2014.de\/#\/schema\/logo\/image\/\",\"url\":\"http:\/\/zugvoegel2014.de\/wp-content\/uploads\/2019\/01\/Zugv\u00f6gel-mittel.jpg\",\"contentUrl\":\"http:\/\/zugvoegel2014.de\/wp-content\/uploads\/2019\/01\/Zugv\u00f6gel-mittel.jpg\",\"width\":480,\"height\":562,\"caption\":\"K\u00f6nigsdorfer Zugv\u00f6gel von 2014 e.V.\"},\"image\":{\"@id\":\"http:\/\/zugvoegel2014.de\/#\/schema\/logo\/image\/\"},\"sameAs\":[\"https:\/\/www.facebook.com\/KoenigsdorferKarnevalszug\/?__tn__=,d,P-R&amp;amp;amp;amp;amp;amp;amp;amp;amp;amp;amp;amp;eid=ARA6SSHkUMgYkse4ztm8lMBG1G70wK_8I7YBmKhqtHlswkYPXKzoz7mjvc05MjUUpbuoIgnIDpCCreZk\"]}]}<\/script>\n<!-- \/ Yoast SEO plugin. -->","yoast_head_json":{"title":"Unsere Sponsoren -","robots":{"index":"index","follow":"follow","max-snippet":"max-snippet:-1","max-image-preview":"max-image-preview:large","max-video-preview":"max-video-preview:-1"},"canonical":"http:\/\/zugvoegel2014.de\/?page_id=738","og_locale":"de_DE","og_type":"article","og_title":"Unsere Sponsoren -","og_description":"Die K\u00f6nigsdorfer Zugv\u00f6gel bedanken sich bei ihren Sponsoren","og_url":"http:\/\/zugvoegel2014.de\/?page_id=738","article_publisher":"https:\/\/www.facebook.com\/KoenigsdorferKarnevalszug\/?__tn__=%2cd%2cP-R&amp%3bamp%3bamp%3bamp%3bamp%3bamp%3bamp%3bamp%3bamp%3bamp%3bamp%3bamp%3beid=ARA6SSHkUMgYkse4ztm8lMBG1G70wK_8I7YBmKhqtHlswkYPXKzoz7mjvc05MjUUpbuoIgnIDpCCreZk","article_modified_time":"2025-06-06T12:34:32+00:00","og_image":[{"url":"http:\/\/zugvoegel2014.de\/wp-content\/uploads\/2025\/06\/Sponsoren-2025-gesamt-768x682.jpg"}],"twitter_card":"summary_large_image","twitter_misc":{"Gesch\u00e4tzte Lesezeit":"1\u00a0Minute"},"schema":{"@context":"https:\/\/schema.org","@graph":[{"@type":"WebPage","@id":"http:\/\/zugvoegel2014.de\/?page_id=738","url":"http:\/\/zugvoegel2014.de\/?page_id=738","name":"Unsere Sponsoren -","isPartOf":{"@id":"http:\/\/zugvoegel2014.de\/#website"},"datePublished":"2021-03-29T09:53:18+00:00","dateModified":"2025-06-06T12:34:32+00:00","breadcrumb":{"@id":"http:\/\/zugvoegel2014.de\/?page_id=738#breadcrumb"},"inLanguage":"de","potentialAction":[{"@type":"ReadAction","target":["http:\/\/zugvoegel2014.de\/?page_id=738"]}]},{"@type":"BreadcrumbList","@id":"http:\/\/zugvoegel2014.de\/?page_id=738#breadcrumb","itemListElement":[{"@type":"ListItem","position":1,"name":"Startseite","item":"http:\/\/zugvoegel2014.de\/"},{"@type":"ListItem","position":2,"name":"Unsere Sponsoren"}]},{"@type":"WebSite","@id":"http:\/\/zugvoegel2014.de\/#website","url":"http:\/\/zugvoegel2014.de\/","name":"","description":"","publisher":{"@id":"http:\/\/zugvoegel2014.de\/#organization"},"potentialAction":[{"@type":"SearchAction","target":{"@type":"EntryPoint","urlTemplate":"http:\/\/zugvoegel2014.de\/?s={search_term_string}"},"query-input":"required name=search_term_string"}],"inLanguage":"de"},{"@type":"Organization","@id":"http:\/\/zugvoegel2014.de\/#organization","name":"K\u00f6nigsdorfer Zugv\u00f6gel von 2014 e.V.","url":"http:\/\/zugvoegel2014.de\/","logo":{"@type":"ImageObject","inLanguage":"de","@id":"http:\/\/zugvoegel2014.de\/#\/schema\/logo\/image\/","url":"http:\/\/zugvoegel2014.de\/wp-content\/uploads\/2019\/01\/Zugv\u00f6gel-mittel.jpg","contentUrl":"http:\/\/zugvoegel2014.de\/wp-content\/uploads\/2019\/01\/Zugv\u00f6gel-mittel.jpg","width":480,"height":562,"caption":"K\u00f6nigsdorfer Zugv\u00f6gel von 2014 e.V."},"image":{"@id":"http:\/\/zugvoegel2014.de\/#\/schema\/logo\/image\/"},"sameAs":["https:\/\/www.facebook.com\/KoenigsdorferKarnevalszug\/?__tn__=,d,P-R&amp;amp;amp;amp;amp;amp;amp;amp;amp;amp;amp;amp;eid=ARA6SSHkUMgYkse4ztm8lMBG1G70wK_8I7YBmKhqtHlswkYPXKzoz7mjvc05MjUUpbuoIgnIDpCCreZk"]}]}},"_links":{"self":[{"href":"http:\/\/zugvoegel2014.de\/index.php?rest_route=\/wp\/v2\/pages\/738","targetHints":{"allow":["GET"]}}],"collection":[{"href":"http:\/\/zugvoegel2014.de\/index.php?rest_route=\/wp\/v2\/pages"}],"about":[{"href":"http:\/\/zugvoegel2014.de\/index.php?rest_route=\/wp\/v2\/types\/page"}],"author":[{"embeddable":true,"href":"http:\/\/zugvoegel2014.de\/index.php?rest_route=\/wp\/v2\/users\/1"}],"replies":[{"embeddable":true,"href":"http:\/\/zugvoegel2014.de\/index.php?rest_route=%2Fwp%2Fv2%2Fcomments&post=738"}],"version-history":[{"count":11,"href":"http:\/\/zugvoegel2014.de\/index.php?rest_route=\/wp\/v2\/pages\/738\/revisions"}],"predecessor-version":[{"id":1125,"href":"http:\/\/zugvoegel2014.de\/index.php?rest_route=\/wp\/v2\/pages\/738\/revisions\/1125"}],"wp:attachment":[{"href":"http:\/\/zugvoegel2014.de\/index.php?rest_route=%2Fwp%2Fv2%2Fmedia&parent=738"}],"curies":[{"name":"wp","href":"https:\/\/api.w.org\/{rel}","templated":true}]}}